{"id":337,"date":"2019-03-01T12:12:41","date_gmt":"2019-03-01T11:12:41","guid":{"rendered":"https:\/\/ssisoftware.es\/?page_id=337"},"modified":"2019-03-22T14:09:39","modified_gmt":"2019-03-22T13:09:39","slug":"sujerencias","status":"publish","type":"page","link":"http:\/\/ssisoftware.es\/?page_id=337","title":{"rendered":"Sujerencias"},"content":{"rendered":"\t\t<div data-elementor-type=\"post\" data-elementor-id=\"337\" class=\"elementor elementor-337 elementor-bc-flex-widget\" data-elementor-settings=\"[]\">\n\t\t\t<div class=\"elementor-inner\">\n\t\t\t\t<div class=\"elementor-section-wrap\">\n\t\t\t\t\t\t\t<section class=\"elementor-element elementor-element-2cf535e elementor-section-boxed elementor-section-height-default elementor-section-height-default elementor-section elementor-top-section\" data-id=\"2cf535e\" data-element_type=\"section\">\n\t\t\t\t\t\t<div class=\"elementor-container elementor-column-gap-default\">\n\t\t\t\t<div class=\"elementor-row\">\n\t\t\t\t<div class=\"elementor-element elementor-element-deadfa5 elementor-column elementor-col-50 elementor-top-column\" data-id=\"deadfa5\" data-element_type=\"column\">\n\t\t\t<div class=\"elementor-column-wrap  elementor-element-populated\">\n\t\t\t\t\t<div class=\"elementor-widget-wrap\">\n\t\t\t\t<div class=\"elementor-element elementor-element-7916a0a elementor-widget elementor-widget-text-editor\" data-id=\"7916a0a\" data-element_type=\"widget\" data-widget_type=\"text-editor.default\">\n\t\t\t\t<div class=\"elementor-widget-container\">\n\t\t\t\t\t<div class=\"elementor-text-editor elementor-clearfix\"><h3>Trabaje con nosotros<\/h3><p>Bienvenido a Implemnentados.<\/p><p>Nuestro mayor capital son las personas. Por esta raz\u00f3n, nos gustar\u00eda conocerle, saber si ahora o en un futuro pr\u00f3ximo, su talento y sus cualidades pueden encajar entre nosotros y encontrar en Implementados la oportunidad y el espacio que ha estado buscando.<\/p><p>Le proponemos construir un nuevo futuro juntos. Consulte nuestros procesos abiertos.<\/p><p>Si no ha encontrado ning\u00fan perfil que se adapte a su formaci\u00f3n y experiencia, no se preocupe, cuando tenemos nuevas oportunidades para cubrir puestos vacantes recurrimos a nuestra base de datos para encontrar al mejor candidato para las mismas. Puede dejarnos su CV a trav\u00e9s del formulario, <a href=\"http:\/\/implementados.com\/politica-proteccion-datos\/\">Politica de proteccion datos<\/a>.<\/p><p>Gracias por su confianza.<\/p><\/div>\n\t\t\t\t<\/div>\n\t\t\t\t<\/div>\n\t\t\t\t\t\t<\/div>\n\t\t\t<\/div>\n\t\t<\/div>\n\t\t\t\t<div class=\"elementor-element elementor-element-038b086 elementor-column elementor-col-50 elementor-top-column\" data-id=\"038b086\" data-element_type=\"column\">\n\t\t\t<div class=\"elementor-column-wrap  elementor-element-populated\">\n\t\t\t\t\t<div class=\"elementor-widget-wrap\">\n\t\t\t\t<div class=\"elementor-element elementor-element-5759e5c elementor-widget elementor-widget-shortcode\" data-id=\"5759e5c\" data-element_type=\"widget\" data-widget_type=\"shortcode.default\">\n\t\t\t\t<div class=\"elementor-widget-container\">\n\t\t\t\t\t<div class=\"elementor-shortcode\"><div class=\"wpforms-container wpforms-container-full\" id=\"wpforms-516\"><form id=\"wpforms-form-516\" class=\"wpforms-validate wpforms-form\" data-formid=\"516\" method=\"post\" enctype=\"multipart\/form-data\" action=\"\/index.php?rest_route=%2Fwp%2Fv2%2Fpages%2F337\"><div class=\"wpforms-field-container\"><div id=\"wpforms-516-field_0-container\" class=\"wpforms-field wpforms-field-name\" data-field-id=\"0\"><label class=\"wpforms-field-label\" for=\"wpforms-516-field_0\">Nombre <span class=\"wpforms-required-label\">*<\/span><\/label><input type=\"text\" id=\"wpforms-516-field_0\" class=\"wpforms-field-medium wpforms-field-required\" name=\"wpforms[fields][0]\" required><\/div><div id=\"wpforms-516-field_5-container\" class=\"wpforms-field wpforms-field-name\" data-field-id=\"5\"><label class=\"wpforms-field-label\" for=\"wpforms-516-field_5\">Apellidos <span class=\"wpforms-required-label\">*<\/span><\/label><input type=\"text\" id=\"wpforms-516-field_5\" class=\"wpforms-field-medium wpforms-field-required\" name=\"wpforms[fields][5]\" required><\/div><div id=\"wpforms-516-field_1-container\" class=\"wpforms-field wpforms-field-email\" data-field-id=\"1\"><label class=\"wpforms-field-label\" for=\"wpforms-516-field_1\">Correo electr\u00f3nico <span class=\"wpforms-required-label\">*<\/span><\/label><input type=\"email\" id=\"wpforms-516-field_1\" class=\"wpforms-field-medium wpforms-field-required\" name=\"wpforms[fields][1]\" required><div class=\"wpforms-field-description\">Por favor, introduce tu correo electr\u00f3nico, as\u00ed nos podemos comunicar.<\/div><\/div><div id=\"wpforms-516-field_2-container\" class=\"wpforms-field wpforms-field-radio\" data-field-id=\"2\"><label class=\"wpforms-field-label\" for=\"wpforms-516-field_2\">\u00bfPara qu\u00e9 departamento tiene usted una sugerencia? <span class=\"wpforms-required-label\">*<\/span><\/label><ul id=\"wpforms-516-field_2\" class=\"wpforms-field-required\"><li class=\"choice-1 depth-1\"><input type=\"radio\" id=\"wpforms-516-field_2_1\" name=\"wpforms[fields][2]\" value=\"Ventas\" required ><label class=\"wpforms-field-label-inline\" for=\"wpforms-516-field_2_1\">Ventas<\/label><\/li><li class=\"choice-2 depth-1\"><input type=\"radio\" id=\"wpforms-516-field_2_2\" name=\"wpforms[fields][2]\" value=\"Atenci\u00f3n al cliente\" required ><label class=\"wpforms-field-label-inline\" for=\"wpforms-516-field_2_2\">Atenci\u00f3n al cliente<\/label><\/li><li class=\"choice-3 depth-1\"><input type=\"radio\" id=\"wpforms-516-field_2_3\" name=\"wpforms[fields][2]\" value=\"Desarrollo del producto\" required ><label class=\"wpforms-field-label-inline\" for=\"wpforms-516-field_2_3\">Desarrollo del producto<\/label><\/li><li class=\"choice-4 depth-1\"><input type=\"radio\" id=\"wpforms-516-field_2_4\" name=\"wpforms[fields][2]\" value=\"Otro\" required ><label class=\"wpforms-field-label-inline\" for=\"wpforms-516-field_2_4\">Otro<\/label><\/li><\/ul><\/div><div id=\"wpforms-516-field_3-container\" class=\"wpforms-field wpforms-field-text\" data-field-id=\"3\"><label class=\"wpforms-field-label\" for=\"wpforms-516-field_3\">Asunto <span class=\"wpforms-required-label\">*<\/span><\/label><input type=\"text\" id=\"wpforms-516-field_3\" class=\"wpforms-field-medium wpforms-field-required\" name=\"wpforms[fields][3]\" required><\/div><div id=\"wpforms-516-field_4-container\" class=\"wpforms-field wpforms-field-textarea\" data-field-id=\"4\"><label class=\"wpforms-field-label\" for=\"wpforms-516-field_4\">Mensaje <span class=\"wpforms-required-label\">*<\/span><\/label><textarea id=\"wpforms-516-field_4\" class=\"wpforms-field-medium wpforms-field-required\" name=\"wpforms[fields][4]\" required><\/textarea><\/div><\/div><div class=\"wpforms-field wpforms-field-hp\"><label for=\"wpforms-516-field-hp\" class=\"wpforms-field-label\">Phone<\/label><input type=\"text\" name=\"wpforms[hp]\" id=\"wpforms-516-field-hp\" class=\"wpforms-field-medium\"><\/div><div class=\"wpforms-submit-container\" ><input type=\"hidden\" name=\"wpforms[id]\" value=\"516\"><input type=\"hidden\" name=\"wpforms[author]\" value=\"1\"><button type=\"submit\" name=\"wpforms[submit]\" class=\"wpforms-submit \" id=\"wpforms-submit-516\" value=\"wpforms-submit\" aria-live=\"assertive\" data-alt-text=\"Enviando...\" data-submit-text=\"Enviar\">Enviar<\/button><\/div><\/form><\/div>  <!-- .wpforms-container --><\/div>\n\t\t\t\t<\/div>\n\t\t\t\t<\/div>\n\t\t\t\t\t\t<\/div>\n\t\t\t<\/div>\n\t\t<\/div>\n\t\t\t\t\t\t<\/div>\n\t\t\t<\/div>\n\t\t<\/section>\n\t\t\t\t\t\t<\/div>\n\t\t\t<\/div>\n\t\t<\/div>\n\t\t","protected":false},"excerpt":{"rendered":"<p>Trabaje con nosotros Bienvenido a Implemnentados. Nuestro mayor capital son las personas. Por esta raz\u00f3n, nos gustar\u00eda conocerle, saber si ahora o en un futuro pr\u00f3ximo, su talento y sus cualidades pueden encajar entre nosotros y encontrar en Implementados la oportunidad y el espacio que ha estado buscando. Le proponemos construir un nuevo futuro juntos. &hellip;<\/p>\n<p class=\"read-more\"> <a class=\"\" href=\"http:\/\/ssisoftware.es\/?page_id=337\"> <span class=\"screen-reader-text\">Sujerencias<\/span> Leer m\u00e1s &raquo;<\/a><\/p>\n","protected":false},"author":1,"featured_media":0,"parent":0,"menu_order":0,"comment_status":"closed","ping_status":"closed","template":"","meta":[],"_links":{"self":[{"href":"http:\/\/ssisoftware.es\/index.php?rest_route=\/wp\/v2\/pages\/337"}],"collection":[{"href":"http:\/\/ssisoftware.es\/index.php?rest_route=\/wp\/v2\/pages"}],"about":[{"href":"http:\/\/ssisoftware.es\/index.php?rest_route=\/wp\/v2\/types\/page"}],"author":[{"embeddable":true,"href":"http:\/\/ssisoftware.es\/index.php?rest_route=\/wp\/v2\/users\/1"}],"replies":[{"embeddable":true,"href":"http:\/\/ssisoftware.es\/index.php?rest_route=%2Fwp%2Fv2%2Fcomments&post=337"}],"version-history":[{"count":3,"href":"http:\/\/ssisoftware.es\/index.php?rest_route=\/wp\/v2\/pages\/337\/revisions"}],"predecessor-version":[{"id":517,"href":"http:\/\/ssisoftware.es\/index.php?rest_route=\/wp\/v2\/pages\/337\/revisions\/517"}],"wp:attachment":[{"href":"http:\/\/ssisoftware.es\/index.php?rest_route=%2Fwp%2Fv2%2Fmedia&parent=337"}],"curies":[{"name":"wp","href":"https:\/\/api.w.org\/{rel}","templated":true}]}}